 what is 241 + -212?
27
In base 12, what is 30 + -36986?
-36956
In base 13, what is 2 + -1723?
-1721
In base 14, what is 12625 + 5?
1262a
In base 5, what is -122 + -440?
-1112
In base 3, what is -212 + -11220210?
-11221122
In base 8, what is 662 - 7?
653
In base 14, what is 32 + 151?
183
In base 2, what is -101 + 1000100001111?
1000100001010
In base 3, what is -11202202212 + 10?
-11202202202
In base 2, what is -1000000101010 + -100?
-1000000101110
In base 11, what is -36 + -a1?
-127
In base 15, what is -30 - 68b?
-6bb
In base 10, what is -22570 - 2?
-22572
In base 14, what is 16 - -53c?
554
In base 10, what is 40057 + 1?
40058
In base 15, what is 25 + 135?
15a
In base 11, what is -636 + 807?
181
In base 14, what is -465 + -191?
-616
In base 10, what is -3 - 651401?
-651404
In base 8, what is 0 - 12756?
-12756
In base 11, what is -12 - 371a?
-3731
In base 14, what is -a + 1768?
175c
In base 6, what is 100 - -10145?
10245
In base 11, what is -a5a + 9?
-a51
In base 3, what is 221001 + -100211?
120020
In base 8, what is -30 - 2076?
-2126
In base 9, what is -136 + -240?
-376
In base 14, what is 6 - -134ba?
134c2
In base 4, what is 212 - -10332?
11210
In base 13, what is 22 - -66?
88
In base 7, what is -243105 - 66?
-243204
In base 2, what is -11101101010011 + -1101?
-11101101100000
In base 14, what is -1 - -b4d7?
b4d6
In base 2, what is 11111100110000110111 - 0?
11111100110000110111
In base 13, what is -2904 - 0?
-2904
In base 5, what is -104 + 22202?
22043
In base 7, what is -131 - 3436?
-3600
In base 6, what is -3 - 132501?
-132504
In base 5, what is 10132 + 143?
10330
In base 5, what is 4 + -134312401?
-134312342
In base 10, what is 909 + 611?
1520
In base 13, what is 1335 - 5?
1330
In base 11, what is -5 + -5283?
-5288
In base 16, what is -39 - -7b4?
77b
In base 9, what is -606888 + 2?
-606886
In base 15, what is 97 - -2b?
c3
In base 16, what is fef + -3?
fec
In base 15, what is 38 - 4a?
-12
In base 13, what is -1c - -5563b?
5561c
In base 4, what is 103203022 - 10?
103203012
In base 7, what is 165063 + 4?
165100
In base 3, what is -12 + -2100011101210?
-2100011101222
In base 16, what is -9 + -7a49?
-7a52
In base 8, what is -1254 + -10?
-1264
In base 13, what is -60 - 2c62?
-2cc2
In base 2, what is 101 - -11100010010001110111?
11100010010001111100
In base 4, what is -10110 + 320?
-3130
In base 15, what is 17a55 - 4?
17a51
In base 8, what is 2261 - 3372?
-1111
In base 3, what is 11 - 2202111?
-2202100
In base 11, what is -10 - -20a5?
2095
In base 8, what is 1 - -50255?
50256
In base 6, what is 0 + 1444441?
1444441
In base 4, what is -33230 - -1031?
-32133
In base 5, what is -20430 - 1403?
-22333
In base 9, what is 1030264 - 0?
1030264
In base 10, what is -3 + -343202?
-343205
In base 4, what is -12132210 + -12?
-12132222
In base 8, what is -10 + -67161?
-67171
In base 12, what is -1b + 8898?
8879
In base 5, what is -124140 - 423?
-130113
In base 10, what is -49136 + -5?
-49141
In base 10, what is 53 - 9806?
-9753
In base 14, what is 2b9 + 1c?
2d7
In base 3, what is 22000 + -11210200?
-11111200
In base 9, what is -537278 - -1?
-537277
In base 11, what is -22663 + 1?
-22662
In base 16, what is -9097 - -5?
-9092
In base 9, what is -5 + -76?
-82
In base 11, what is 31 + 84?
105
In base 4, what is 33201 + 10130?
103331
In base 2, what is 1000001 - 100001?
100000
In base 14, what is 4135 + 37?
416c
In base 9, what is 1081 + -183?
787
In base 3, what is 101020202 + -12002?
101001200
In base 15, what is 1 + 60e?
610
In base 16, what is 3 - 3f7eb?
-3f7e8
In base 10, what is 2 - -78737?
78739
In base 16, what is -bef8 - 1?
-bef9
In base 2, what is 101001 - 1000001011011?
-1000000110010
In base 4, what is 10011303021 - 1?
10011303020
In base 10, what is -695 + 26?
-669
In base 3, what is -2 + 101211212?
101211210
In base 5, what is 3201233 + 4?
3201242
In base 4, what is -12 - -23212232?
23212220
In base 5, what is -2221034 + -40?
-2221124
In base 4, what is 11030 - 220222?
-203132
In base 9, what is -155 - -6843?
6677
In base 15, what is -c + -1c3a9?
-1c3b6
In base 6, what is 12235021 - 1?
12235020
In base 3, what is 20 - -10211121221?
10211122011
In base 6, what is 4520124 + -23?
4520101
In base 15, what is -368 + 48?
-320
In base 13, what is 2 - -33c?
341
In base 8, what is 3536551 - 0?
3536551
In base 7, what is -5136040 + -4?
-5136044
In base 7, what is 20060 + 212?
20302
In base 13, what is -644b - 2?
-6450
In base 11, what is 3 + 6a923?
6a926
In base 6, what is -3 - 5323504?
-5323511
In base 8, what is -3 + 7226?
7223
In base 9, what is -22167 - -3?
-22164
In base 6, what is -332051 + 2?
-332045
In base 15, what is -b - 3336?
-3342
In base 3, what is -1021200020 + 0?
-1021200020
In base 9, what is 2115 + -706?
1308
In base 2, what is -10101101011011100 + 11010?
-10101101011000010
In base 5, what is 3 + -20322210?
-20322202
In base 16, what is b - -272f8?
27303
In base 2, what is -1011101 + -11101011111110?
-11101101011011
In base 16, what is -38d - -2b?
-362
In base 15, what is -2308 - -2?
-2306
In base 2, what is -1100001000 + -1000000011011?
-1001100100011
In base 8, what is -1175666 - 11?
-1175677
In base 7, what is 365152 - 4?
365145
In base 3, what is 1 + -1221212201?
-1221212200
In base 8, what is 101125 + 3?
101130
In base 7, what is -2 + -50052?
-50054
In base 8, what is 13442 - -740?
14402
In base 5, what is 134 - -32303?
32442
In base 9, what is 7 - 4738?
-4731
In base 3, what is 1212 + -2002?
-20
In base 14, what is -219 + 21a?
1
In base 2, what is 1000101 + 101110100010?
101111100111
In base 14, what is dd2 + -3d?
d93
In base 8, what is -157 + 1557?
1400
In base 16, what is b492 - -3?
b495
In base 12, what is -4 + -769480?
-769484
In base 13, what is 82 - -10a?
18c
In base 12, what is -1a9b - 39?
-1b18
In base 10, what is 4 + 200739?
200743
In base 16, what is 128 - -2bd?
3e5
In base 12, what is 0 - 117430?
-117430
In base 2, what is 0 - 10010011110010101?
-10010011110010101
In base 11, what is 5 - -16403?
16408
In base 10, what is 2338 + -5?
2333
In base 13, what is 86 + -8a8?
-822
In base 2, what is 11011000110101000 - 10?
11011000110100110
In base 8, what is -3572 + -1?
-3573
In base 13, what is 27ba - 51?
2769
In base 6, what is 3531552 + -21?
3531531
In base 3, what is 102211221201 + 1?
102211221202
In base 3, what is -10 + 21221112220?
21221112210
In base 5, what is 303402 + 0?
303402
In base 6, what is -22210 + 12?
-22154
In base 4, what is 3011 + 31?
3102
In base 13, what is -1c466 - -b?
-1c458
In base 8, what is -12732 - -6?
-12724
In base 16, what is -4 - -1b445?
1b441
In base 9, what is 2244 - -208?
2453
In base 15, what is 4dcb + -d?
4dbd
In base 9, what is -15273 - 4?
-15277
In base 3, what is 1022 - -10110022?
10111121
In base 14, what is -19 + -c09?
-c24
In base 16, what is -162e - -2?
-162c
In base 9, what is 25 + 222?
247
In base 14, what is -4 + -79c?
-7a2
In base 13, what is -14676 - 2?
-14678
In base 14, what is 2ac - 2669?
-239b
In base 15, what is -1 + 5e4c6?
5e4c5
In base 8, what is 53 - 247762?
-247707
In base 15, what is -6 - ed5d?
-ed64
In base 9, what is 71558 + 38?
71607
In base 15, what is -3 - -56b1b?
56b18
In base 8, what is 5231 - -4?
5235
In base 10, what is 6996 + 20?
7016
In base 2, what is 1 + -1011101111001001?
-1011101111001000
In base 5, what is -2144430 - 132?
-2200112
In base 7, what is 2 + 114340?
114342
In base 2, what is 1100110110000 + -1001100?
1100101100100
In base 4, what is -13021323120 - -1?
-13021323113
In base 13, what is 183a2 - 5?
1839a
In base 3, what is -1120201001212 + -1?
-1120201001220
In base 6, what is 14035 - -54?
14133
In base 5, what is -22 - 10313031?
-10313103
In base 12, what is 11293 + -7?
11288
In base 10, what is 5 - -36854?
36859
In base 4, what is 3 - -120111001?
120111010
In base 12, what is -2225 - 10?
-2235
In base 8, what is 24 + -5611?
-5565
In base 5, what is 1244 + 222?
2021
In base 6, what is 431520 + 4?
431524
In base 8, what is -1 + -27054?
-27055
In base 15, what is -3711 - -b?
-3705
In base 16, what is -8 + 2627c?
26274
In base 5, what is 12230234 + 10?
12230244
In base 15, what is -1 - -a713?
a712
In base 10, what is -300 + -83?
-383
In base 5, what is 1032 - -231121?
232203
In base 11, what is 1190 - 2a5?
996
In base 5, what is -12 - 104432241?
-104